 (12/(-15))/((-4)/250). Let p(q) = -2*q - 6. Let w be p(-5). Suppose -w*v = -502 + z. Is v prime?
True
Suppose 5*w - 123 = -28. Let h = 19 - w. Suppose -3*q - 238 + 661 = h. Is q a prime number?
False
Let f(p) = 5*p**3 - 14*p**2 + 61*p - 29. Is f(14) prime?
True
Let w be 29*206/(-10) - (-36)/(-60). Let n = 2021 + w. Is n prime?
True
Let k = -143 - 130. Let d = k + 589. Suppose n - d = -3*n. Is n prime?
True
Let r = 54477 - 24990. Is r prime?
False
Let j(o) = 12*o**2 + 6*o - 1. Suppose 0 = 3*n - 2 - 13. Is j(n) composite?
True
Let t = 20 + -34. Let z(b) = 2*b**3 + b**2 - 2*b + 1. Let d be z(-4). Let i = t - d. Is i composite?
False
Let k be (-13266 - (1 + 2))/(1/(-1)). Suppose 9*t - k = -1056. Is t prime?
False
Suppose 95*h - 93*h = 1822. Is h a prime number?
True
Let b = 1380 + -793. Is b a prime number?
True
Let s(j) = -2313*j + 5. Let i be s(2). Is (i/(-2))/(30/60) composite?
False
Let l be 251678/10 - 8/(-40). Is l/66 - (-1)/(-3) a composite number?
True
Suppose 0 = 2*v + 4*n + 2, -2*n + 6*n - 8 = -4*v. Suppose -v*l - 12 + 442 = 0. Is l + 2/(2/(-3)) composite?
False
Let w(k) = -6 - 22*k + 2 - 109*k. Is w(-3) composite?
False
Let o = 4 + 3. Is (2/((-8)/82))/(o/(-98)) prime?
False
Suppose 11033 = 6*q - 69973. Is q composite?
True
Let g be 1/((-2)/(-6)) + -1. Let v be 3/(-1) + g + 1. Suppose -q + 126 = h, q + q - 2*h - 256 = v. Is q a composite number?
False
Is 3694/(-1)*(-6)/72*102 composite?
True
Suppose 10 = -2*l - 3*l. Let t be (l - -117) + 2/1. Suppose -4*y + y + 5*p = -t, 0 = 2*y + p - 78. Is y prime?
False
Let w(s) = 438*s - 131. Is w(18) prime?
True
Let i = 30 + -26. Suppose i*c - 2798 = 150. Is c prime?
False
Is (1/(-2))/((-6)/(77639 - 11)) composite?
False
Let f(z) = -2*z - 10 - 2 + 2 - 3*z. Is f(-5) a prime number?
False
Let a = 632 + 8253. Is a a prime number?
False
Let w(h) = -14*h**2 + 7*h - 17. Let d be w(-14). Let f = -1322 - d. Is f a composite number?
True
Is (-72)/16*4/6 - -40 prime?
True
Suppose -9*s = -13*s + 12. Suppose 3*g - 3*k + 666 = -0*k, 5*k = s*g + 676. Let m = 468 + g. Is m composite?
False
Let w(s) = -1. Let c(d) = 702*d**2 - 2*d + 6. Let v(b) = c(b) + 5*w(b). Is v(1) a composite number?
False
Let b(y) = -5*y**2 + 8*y + 17*y**2 + 1 + 6 - 5*y**2. Let c(i) = -i - 3. Let j be c(3). Is b(j) a prime number?
True
Let d(j) = -11*j**2 - 23*j - 6. Let g(c) = -5*c**2 - 11*c - 3. Let w(i) = -4*d(i) + 9*g(i). Let y be w(-6). Is (-67)/((-2 - 1)/y) a prime number?
True
Let b(q) = -751*q - 16. Is b(-7) prime?
False
Let p be 0/(2 + (-2 - -2)). Suppose p = -4*a + 9534 - 25806. Is a/(-8) + 1/2 a composite number?
False
Suppose 2*w - 3*w - 46 = 0. Let m = 576 - w. Is m composite?
True
Let h = 11 - 6. Suppose 3*r - 2406 = 3*z, h*z + 1042 = 4*r - 2169. Let a = -550 + r. Is a prime?
False
Let i(r) = r**2 + 10*r + 12. Let z be i(-12). Let m(j) = -j**3 + j - 2. Let q be m(2). Is (-922)/(-18) + q/z composite?
True
Let o be (4/(-6))/(4/60). Is (-2150)/(-4) - (15/o + 2) composite?
True
Suppose 4864 = -3*n + 130. Is n/4*(-4)/6 a prime number?
True
Is (-1 + 8415/(-4))/((-2)/8) prime?
True
Let a(h) = -21*h + 20. Let g be a(-6). Let l = g - 574. Let f = 925 + l. Is f a composite number?
True
Let q(j) = 3*j**2 - 35*j - 12. Let f be q(16). Suppose -973 + f = -3*a. Is a prime?
False
Let a(g) = -g**3 + 9*g**2 - 9*g. Let b be a(6). Suppose 5*o - 4*l - 213 = -36, -2*o - 4*l + b = 0. Suppose -c + 0*c + o = 0. Is c prime?
False
Suppose -4*c - 21 + 29 = 0. Is -1*c/5 - 14427/(-5) a composite number?
True
Let k = -5961 - -17500. Is k composite?
True
Is (33 + -283178)/(1 + -6) composite?
False
Suppose h + 92 + 96 = 0. Let m = -105 - h. Is m a prime number?
True
Let w be (1 - (-482)/(-4))*-2. Suppose 5*q - w - 2256 = 0. Is q a prime number?
True
Is 5/((-40)/(-55576))*1 composite?
False
Is 1522 + 12 + (-3)/1 a composite number?
False
Suppose 6 = -q + 2. Let z be ((-2)/(-5))/(q/(-20)). Suppose 0 = 5*k + 3*g - 2911, -4*k = z*g - 3145 + 817. Is k a prime number?
False
Suppose 5*w - m = 9*w - 422904, 0 = -2*w + 4*m + 211470. Is w a composite number?
False
Let v = 412 + 61. Suppose 2*b + p = v, 0 = 3*b - 2*b - 3*p - 247. Suppose 5*n - b = -j, 2*j = -0*j - 3*n + 511. Is j a composite number?
False
Suppose 4615 = 15*w - 10*w. Is w a prime number?
False
Let r be ((-72)/126)/((-4)/2086). Let g = r + 1541. Is g composite?
True
Suppose -8*d + 2240 = g - 5*d, -d + 3 = 0. Is g prime?
False
Suppose -17*h + 16*h = 6. Let t be 10*381/h*-3. Suppose t = 4*j - 659. Is j a prime number?
True
Suppose q + 4*x + 4367 = 2*q, x + 5 = 0. Suppose -5*k + q + 2734 = 3*p, 2*p - 4729 = 5*k. Is p a composite number?
True
Let a be (((-140)/8)/(-7) - 2)*-562. Let r = 96 - a. Is r prime?
False
Suppose -3*q = -3, -6591 = -2*o - q - 0*q. Is o composite?
True
Let c = 107185 + -37348. Is c a prime number?
False
Let m(i) = 312*i**2 + 2*i - 6. Let v be m(-2). Suppose -7*s + 11*s - v = 2*z, -25 = 5*z. Is s a composite number?
False
Suppose -4*p = -0*p + 96. Let v be 14/21 + 28/12 + -2291. Is (-2)/6 + v/p prime?
False
Let b = 36 - 34. Is b/6*3 - -372 a prime number?
True
Let i(p) = 116*p + 33. Let z be (90/(-12) - -8)/((-1)/(-26)). Is i(z) prime?
False
Let h(r) = 141*r**2 - 6*r - 8. Is h(-9) composite?
False
Let k(w) = -w**3 - 5*w**2 - 6*w - 1. Suppose 0 = 3*o + 2*v + 2, -4*o - 5 - 21 = -2*v. Let p be k(o). Suppose a = -3*h + p*h + 87, -h = a - 62. Is a composite?
False
Let b(n) = -n**2 - 6*n - 1. Let r be b(-6). Let x be 26 + 1 + 2 + r. Suppose 4*o - x = -3*w, 5*w - 22 = -3*o + 3*w. Is o prime?
False
Let i = -3 - -10. Suppose -843 = 3*n - 858. Suppose -i*g = k - 2*g - 1034, -n*k + g + 5248 = 0. Is k a prime number?
True
Is 91464/10 + 1 + 458/(-1145) a composite number?
True
Let u(n) = -120*n + 13. Let l(v) = -121*v + 14. Let s(f) = 6*l(f) - 7*u(f). Is s(4) prime?
True
Suppose 3*z + 0*z - 39 = 3*m, 0 = -3*m + 5*z - 39. Let g(f) = -9*f - 22. Is g(m) a prime number?
False
Let v be 5 + 0 + (-2 - -1). Suppose -u - 17 + 1 = 0. Is -2*v/u*262 a prime number?
True
Let x(d) = -d**3 - 6*d**2 - 5*d - 2. Suppose 5*v + 28 = 3. Let o be x(v). Let b(q) = -65*q - 3. Is b(o) composite?
False
Suppose 0 = 54*i - 55*i - 371. Let v = -248 - i. Is v prime?
False
Let d be (-6)/5*(-100)/30. Suppose d*w - 27 = 9. Is (-3932)/(-6) - 3/w composite?
True
Let v = 1521 - 197. Suppose t - v - 1735 = -4*p, 0 = -t + 5*p + 3104. Is t a prime number?
True
Suppose 2*m - i + 4*i = -46, m - 2*i + 37 = 0. Let u = m - -29. Suppose u*s - s + 409 = 0. Is s a prime number?
True
Suppose -22*h + 18951 = -19*h. Suppose 3*j + 4*z - h = 0, 4*z + 0*z + 2079 = j. Is j a composite number?
False
Suppose 3*d - 5196 = -3*m, -9*m = -4*d - 14*m + 6925. Is d a prime number?
False
Let w(j) = -3*j + 3. Let a be w(7). Let l = -15 - a. Is -4*l/6 + 125 composite?
True
Suppose 2 = 7*o - 5. Suppose 3*f = 215 - 17. Is o + 3 + f - 3 a prime number?
True
Suppose -11*g - 6 = -14*g. Suppose -h + 207 = -2*l - g*l, -3*h + 3*l + 639 = 0. Suppose -441 = -2*b + 5*x, -2*b + h = 3*x - 234. Is b composite?
False
Let x(t) = -632*t**3 - t**2 - 51 - 3*t**2 + 6*t**2 + 50. Is x(-1) composite?
True
Suppose -13*h = -9*h - 4852. Is h a composite number?
False
Let g(t) = t**3 + 13*t**2 + 11*t - 12. Let y(r) = r**3 + 16*r**2 - 16*r + 8. Let p be y(-17). Let n be g(p). Is n + 0 + (-6)/3 a composite number?
False
Suppose -4*n - 8 = 4*x, 12 = -n - 0*x - 3*x. Suppose 5*c + 0*c = -n*v + 714, 4*v = 2*c + 926. Is v a prime number?
True
Let k = -69 - -50. Let f(d) = 6*d**2 + 24*d - 17. Is f(k) a composite number?
False
Let x(w) = w**2 - 9*w + 8. Let k be x(8). Suppose k = 4*g + 4*u - 1228, 5*g - 2*g - 5*u - 953 = 0. Is g a composite number?
False
Suppose 2*c - 4*s + 6 = 0, -2*c + s + 6 = c. Let b = -133 + 241. Is (c - b/8)*-2 a composite number?
True
Let m = -2486 - -4333. Is m composite?
False
Suppose -4270 - 17871 = -7*i. Is i a composite number?
False
Let s be (14/5)/((-1)/70). Let l = 587 + s. Is l a composite number?
True
Suppose 3*w = -2*w + 2110. Is (w/6)/((-4)/(-12)) a prime number?
True
Let a(t) = t**2 - 29*t - 121. Is a(-39) prime?
True
Suppose -5550 = -9*w + 6699. Is w a prime number?
True
Suppose -10*f + 2*f + 60152 = 0. Is f a composite number?
True
Suppose -2*y + 382 = 2*r + y, 2*r + 4*y - 384 = 0. Suppose -10*q + 718 - r = 0. Is q prime?
True
Let w(z) = -z**3 + 2*z**2 - 1. 